alse
Is 1040540990 a multiple of 45?
False
Is 177286934 a multiple of 11?
True
Is 7995236 even?
True
Does 18 divide 2455628814?
True
Is 535 a factor of 23488131?
False
Does 4688 divide 577744432?
True
Does 53 divide 117846058?
False
Is 364505 a multiple of 55?
False
Is 42 a factor of 8785591?
False
Is 44 a factor of 267992340?
True
Is 375000535 a multiple of 455?
True
Is 20 a factor of 23782820?
True
Does 217 divide 2577661625?
True
Does 319 divide 103508163?
True
Does 398 divide 126887176?
True
Is 208828252 a multiple of 672?
False
Is 38 a factor of 10599226?
True
Is 347724748 a multiple of 277?
True
Is 59630684 a multiple of 4?
True
Is 22 a factor of 7463918?
True
Does 26 divide 11048524?
False
Does 920 divide 7959406?
False
Is 4884245143 a multiple of 16?
False
Does 116 divide 388608893?
False
Is 104 a factor of 140672324?
False
Is 809 a factor of 59759097?
False
Does 429 divide 774118488?
True
Is 14 a factor of 690199384?
True
Does 193 divide 14995328?
True
Is 1686871890 a multiple of 1210?
True
Is 577 a factor of 10852216?
True
Is 1602912402 a multiple of 81?
True
Is 5128350 a multiple of 179?
True
Is 2739 a factor of 95383496?
False
Is 27 a factor of 152222922?
True
Is 26381628 a multiple of 17?
False
Is 892924075 a multiple of 816?
False
Is 32 a factor of 75701856?
True
Does 27 divide 3046380977?
False
Is 41093556 a multiple of 8?
False
Does 13 divide 2404826?
False
Does 1320 divide 851770920?
True
Does 70 divide 468283479?
False
Does 103 divide 169824614?
False
Is 642881394 a multiple of 27?
True
Does 273 divide 49771995?
True
Is 6792868027 a multiple of 38?
False
Is 145112604 a multiple of 364?
True
Is 174 a factor of 842722194?
True
Is 15 a factor of 166045888?
False
Is 12 a factor of 1340886048?
True
Is 885106566 a multiple of 347?
False
Is 21217990 a multiple of 12?
False
Does 105 divide 195603833?
False
Is 3 a factor of 204854084?
False
Does 964 divide 41825165?
False
Is 3 a factor of 216409682?
False
Is 130 a factor of 48645597?
False
Does 4537 divide 1097332431?
True
Is 22 a factor of 955882796?
True
Is 11 a factor of 17085552?
True
Does 1778 divide 142961868?
True
Is 417 a factor of 576058395?
True
Does 33 divide 607539063?
False
Is 433 a factor of 1042096751?
False
Does 184 divide 21232559?
False
Is 7092348 even?
True
Is 1564 a factor of 90560143?
False
Is 328362808 a multiple of 142?
False
Does 28 divide 394728442?
False
Is 1655 a factor of 334130256?
False
Does 661 divide 80914332?
True
Does 546 divide 52198451?
False
Is 313025765 a multiple of 240?
False
Is 241899020 a multiple of 666?
False
Is 731 a factor of 436316389?
False
Is 156353705 a multiple of 3?
False
Does 1678 divide 41409684?
True
Is 55 a factor of 2413287085?
True
Does 8046 divide 18802744?
False
Is 104335010 a multiple of 1534?
True
Does 29 divide 2364399?
True
Does 35 divide 7550717?
False
Is 8555240 a multiple of 60?
False
Is 708409998 a multiple of 9?
True
Is 372643433 a multiple of 1160?
False
Does 418 divide 313148355?
False
Does 650 divide 648665077?
False
Does 3220 divide 97178489?
False
Is 257 a factor of 17838370?
True
Is 408663717 a multiple of 213?
True
Is 354940605 a multiple of 894?
False
Does 417 divide 34339950?
True
Is 21054150 a multiple of 1830?
True
Is 268689452 a multiple of 1128?
False
Is 10 a factor of 324170670?
True
Is 64 a factor of 425837970?
False
Does 33 divide 369356889?
True
Is 4 a factor of 17384760?
True
Is 264972764 a multiple of 24?
False
Does 132 divide 3734158200?
False
Is 14 a factor of 366301978?
True
Is 905226 a multiple of 88?
False
Is 398081231 a multiple of 3058?
False
Is 7326679 a multiple of 257?
False
Is 2922540957 a multiple of 21?
True
Does 690 divide 1760381?
False
Is 12 a factor of 28324956?
True
Does 4098 divide 52438008?
True
Is 217 a factor of 48599467?
False
Is 187 a factor of 10614307?
True
Is 27189929 a multiple of 220?
False
Does 4137 divide 179454786?
True
Is 522620133 a multiple of 26?
False
Does 86 divide 1389479872?
False
Is 343 a factor of 21728241?
False
Is 135536564 a multiple of 13?
False
Is 38441076 a multiple of 111?
True
Does 5 divide 260100339?
False
Is 208 a factor of 37311040?
True
Does 5 divide 18275280?
True
Is 210558348 a multiple of 1638?
True
Does 211 divide 85890082?
True
Does 184 divide 5878547?
False
Does 730 divide 1147463124?
False
Is 3306 a factor of 47219166?
False
Is 143581256 a multiple of 896?
False
Is 2008 a factor of 683517176?
True
Is 153 a factor of 80837244?
True
Does 1344 divide 32138124?
False
Does 991 divide 65115009?
False
Is 28 a factor of 357161681?
False
Does 80 divide 9173201?
False
Is 2772441957 a multiple of 397?
True
Does 7518 divide 2837489312?
False
Does 16 divide 5236219?
False
Is 294541102 a multiple of 6?
False
Does 2599 divide 13808365?
False
Is 47 a factor of 1364889360?
False
Is 69 a factor of 87210480?
True
Is 2090 a factor of 61345680?
True
Does 373 divide 64184348?
True
Is 14 a factor of 2241053289?
False
Does 219 divide 18808596?
True
Is 30978556 a multiple of 17?
True
Is 212 a factor of 246188180?
True
Is 20 a factor of 1014832160?
True
Does 20 divide 15346211?
False
Is 2772 a factor of 45089352?
True
Is 1067967747 a multiple of 33?
True
Is 2859 a factor of 1727874721?
False
Is 82 a factor of 335379577?
False
Is 33 a factor of 1071774?
True
Is 11 a factor of 86742315?
True
Is 8612372 a multiple of 674?
True
Does 120 divide 236857200?
True
Does 107 divide 360208912?
False
Is 6195454 a multiple of 3?
False
Is 293284380 a multiple of 20?
True
Is 2528 a factor of 28654880?
True
Is 569477226 a multiple of 8483?
False
Does 291 divide 15937358?
False
Is 205950672 a multiple of 12?
True
Does 73 divide 44341149?
True
Is 50888328 a multiple of 12?
True
Is 88496628 a multiple of 339?
True
Is 82090051 a multiple of 83?
False
Does 7 divide 29960477?
False
Does 96 divide 2055883329?
False
Does 196 divide 31467065?
False
Is 491 a factor of 160765675?
True
Is 318 a factor of 1734264172?
False
Is 144 a factor of 138022704?
True
Is 29 a factor of 1435185298?
False
Does 3126 divide 302733020?
False
Does 23 divide 40789573?
False
Is 35510972 a multiple of 74?
True
Does 31 divide 602101654?
True
Is 761490 a multiple of 3?
True
Does 102 divide 1853068833?
False
Does 19 divide 247879339?
True
Is 331824 a multiple of 2?
True
Is 99672456 a multiple of 24?
True
Does 28 divide 268856?
True
Is 109 a factor of 432903815?
False
Is 25 a factor of 38158959?
False
Does 9 divide 44595046?
False
Is 203216217 a multiple of 332?
False
Is 65 a factor of 581934611?
False
Is 14 a factor of 3002435744?
True
Is 5181349636 a multiple of 117?
False
Is 1680 a factor of 64233120?
True
Is 427274825 a multiple of 1904?
False
Is 1302 a factor of 32542371?
False
Is 125 a factor of 1551147000?
True
Is 57 a factor of 1113669933?
True
Does 1234 divide 351734424?
True
Does 922 divide 30246716?
False
Is 7109472 a multiple of 32?
True
Does 16 divide 2329245153?
False
Does 3 divide 294084008?
False
Is 2543685 a multiple of 1830?
False
Is 236 a factor of 78012918?
False
Is 39909120 a multiple of 285?
True
Is 18409738 a multiple of 1294?
True
Is 96854305 a multiple of 95?
True
Is 485716484 a multiple of 506?
True
Does 34 divide 67085978?
True
Is 32 a factor of 239736416?
True
Does 1139 divide 27451094?
False
Does 28 divide 223181981?
False
Does 6 divide 30371927?
False
Does 59 divide 730048794?
False
Is 6 a factor of 340179264?
True
Is 389 a factor of 8786857?
False
Is 28932840 a multiple of 30?
True
Does 32 divide 3204080?
False
Does 11 divide 158188965?
True
Is 1303 a factor of 354239917?
False
Is 42328141 a multiple of 58?
False
Is 3084655 a multiple of 155?
True
Is 4 a factor of 2292988?
True
Does 4 divide 32101655?
False
Is 476 a factor of 510212976?
True
Does 4 divide 19655320?
True
Is 1064 a factor of 36478176?
True
Does 188 divide 10909481?
False
Is 24046312 a multiple of 6?
False
Is 57 a factor of 19816722?
False
Does 42 divide 56641494?
True
Does 6 divide 1246788342?
True
Does 1185 divide 1898269275?
True
Does 3172 divide 832545324?
True
Is 26832153 a multiple of 109?
False
Is 907943 a multiple of 2?
False
Is 10 a factor of 82946260?
True
Is 17 a factor of 10615242?
True
Does 7 divide 49056290?
False
Is 39439582 a multiple of 1643?
False
Does 241 divide 153181465?
False
Does 3160 divide 156